7
Let r = 7810 + -5795. Calculate the highest common factor of r and 130.
65
Suppose -y + 14 = a, 10*a - 12*a = 3*y - 45. Calculate the greatest common factor of y and 11322.
17
Let p(z) = -9*z + 45. Let y be p(-8). Suppose y = -3*j + 150. What is the highest common divisor of 121 and j?
11
Let c = 2809 + -2779. What is the greatest common factor of 1010 and c?
10
Let a be 1*(-3)/(-4) - 3959/(-428). Calculate the highest common factor of a and 5710.
10
Suppose 41*f - 10494 = -7542. Calculate the greatest common factor of f and 3192.
24
Let b(h) = 650*h + 255. Let n be b(10). Calculate the highest common divisor of 35 and n.
35
Let c be (((-3)/(-4))/1)/(54/432). What is the greatest common factor of 46 and c?
2
Suppose 53*l + 43*l = 82*l + 59136. Calculate the highest common factor of 396 and l.
132
Let y(j) = -181*j - 249. Let a be y(-5). Calculate the greatest common factor of a and 16.
16
Let z = 7351 - 7349. Suppose -13 - 17 = -2*o. Suppose 3*r + o = 0, -2*f + 3*r + 93 = z*r. Calculate the greatest common factor of f and 22.
22
Let t(h) = 75*h**2 + 330*h - 3169. Let f be t(10). What is the highest common divisor of f and 13?
13
Suppose 0 = 5*l - 212 - 113. Suppose -47*i = 2272 - 10215. Calculate the highest common factor of l and i.
13
Let g be (4/5)/((-7)/(-280)). Let d(m) = -m**3 + 11*m**2 - 11*m + 7. Let i be d(10). Let r be 48 - (3/i - -1). What is the greatest common factor of g and r?
16
Suppose 3*x + 9 = 0, -5*x + 53 - 42 = m. What is the greatest common divisor of m and 3679?
13
Let s be (-88)/(-14) - 2/7. Suppose 0 = a + 15*r - 20*r - 14, -3*a + 4*r - 2 = 0. Let l be (-23)/(-69) - 286/a. Calculate the highest common factor of l and s.
6
Suppose 11*z - 1 - 43 = 0. Suppose 95 = z*g - 33. What is the highest common divisor of g and 16?
16
Suppose 0 = -7735*z + 7720*z + 71700. Calculate the highest common factor of z and 20.
20
Let t be (-2)/6*(-7 - 2) - -89. Let s = 96 - t. Suppose s*b + 26 = 6*b. Calculate the highest common divisor of b and 13.
13
Let v = 5657 - 5059. What is the greatest common factor of 234 and v?
26
Let y(p) = 91*p + 4. Let j be y(-2). Let x be (-7)/49 - 30/(-14) - j. Let a = x - 116. Calculate the highest common factor of 8 and a.
8
Suppose 10*p - 252 = 868. Suppose 4*b - 8 = 132. Calculate the highest common divisor of p and b.
7
Let l = -24 + 26. Let r(q) = 10*q**3 + q**2 - 6*q - 2. Let w be r(l). Calculate the greatest common divisor of w and 110.
10
Suppose 2*q = -2*t + 844, 118*q - 2002 = 113*q + 13*t. Let z = -17 - -49. What is the highest common divisor of q and z?
32
Let o(q) = 36*q**2 - 413*q - 8. Let f be o(12). What is the greatest common factor of 70 and f?
10
Let w = -147 - -217. Suppose 22*t = 30*t - 4*x - 308, 2*x = -t + 56. What is the greatest common divisor of w and t?
14
Suppose -4*q = 4*x - 304, -3*x + 2*x + 66 = -4*q. Let o = -288 - x. Let f be o/(-6) + 2/(-6). Calculate the greatest common factor of 150 and f.
30
Let t(l) = 429*l**2 + 162*l - 3. Let m be t(-5). What is the greatest common factor of m and 12?
12
Suppose 30*d + 15968 = 23459 + 21669. What is the highest common factor of d and 30?
6
Let s(h) = 42*h + 546. Let u be s(-11). Suppose -4*f + 4*l = -0*l - 44, -15 = 3*l. Let o be (-46 + 4)*(-2)/f. What is the greatest common divisor of o and u?
14
Let h be (32112/(-90))/(8/10 + (-52)/60). Calculate the highest common factor of h and 18.
6
Let w be ((-6)/8)/((-66)/9064) - -1. Calculate the highest common divisor of w and 376.
8
Let y = -893 - -1882. Suppose 12*j + 113 = 389. What is the greatest common divisor of j and y?
23
Let a = 12459 + -9314. What is the greatest common divisor of 136 and a?
17
Suppose 40*j - 5*v - 490 = 35*j, -3*j - 4*v + 322 = 0. Calculate the highest common divisor of 2958 and j.
102
Let i(o) = -15*o + 6. Let r be i(3). Let k = -47 - r. Let m(b) = -b**3 - 10*b**2 - 17*b + 4. Let q be m(k). What is the highest common divisor of q and 18?
6
Let s be ((-2)/4)/(25/250). Let f be (16/3)/(s*(-1)/30). Calculate the greatest common divisor of 4 and f.
4
Let s be 13 + -2 + (13 + 570 - 4). What is the highest common divisor of 170 and s?
10
Suppose 529 = 4*n - 3*o, -19*o + 130 = n - 22*o. What is the greatest common divisor of n and 1748?
19
Let b = 1832 + -654. What is the highest common factor of 62 and b?
62
Suppose -3*h - 5444 = -5*z + 3759, 4*h = -3*z + 5516. What is the greatest common divisor of 575 and z?
115
Suppose -430*w - 59*w = -614184. Calculate the highest common divisor of w and 2198.
314
Let o = 161 - -9. Suppose -3*x - 43 - o = -2*n, 0 = 4*n + 3*x - 417. What is the greatest common divisor of n and 15?
15
Let y(m) = -m**3 + 8*m**2 + 45*m + 20. Let l be y(12). Let d(h) = -7*h + 29. Let c be d(l). Calculate the highest common factor of c and 3.
3
Let o(v) = 8*v**2 + 58*v - 785. Let c be o(14). What is the highest common divisor of c and 275?
55
Let l(u) = 21*u**2 + 11*u + 1. Let z be l(-2). Suppose 3*o = 3*d - 138, 5*o + z = -5*d + 253. Calculate the highest common divisor of d and 273.
21
Let q(o) = o**2 - 3*o + 2. Let b be q(2). Suppose b*a = a - 5. Let x(l) = l**2 + 4. Let v be x(4). Calculate the greatest common divisor of v and a.
5
Suppose -17*l = -l + 1744. Let a = -46 - l. Suppose -b - b = 3*g - 31, -2*g - 3*b = -29. Calculate the highest common divisor of a and g.
7
Let f(j) = -4*j**3 + j**2 + 2*j - 211. Let g be f(0). Let q = -169 - g. What is the greatest common factor of q and 105?
21
Let h be 128/6*(-9)/(-2). Let j(d) = -3*d**2 - 138*d + 1686. Let p be j(10). Calculate the highest common factor of p and h.
6
Suppose -23*l + 10 = -18*l. Suppose -2*d + 3*w + 37 = 13, l*d - 5*w - 32 = 0. Let s be 4 + d/(18/15). Calculate the highest common divisor of 72 and s.
9
Suppose -2*u + 4*x + 356 = 0, 7*x = 2*u + 4*x - 357. Let r = -169 + u. What is the highest common factor of 297 and r?
11
Let j(c) = -c**2 + 16*c + 6674. Let p be j(-74). Calculate the highest common factor of p and 350.
14
Suppose -357 = h - 5*w, h - 4*w + 218 = -140. Let x = h - -377. What is the highest common divisor of x and 120?
15
Suppose -2*z + 0 + 16 = 2*y, -3*y = 5*z - 34. Suppose y*p = -p + 120. Suppose -3*j = s - 10, 5 = 2*j - 5*s - p. What is the greatest common factor of j and 5?
5
Let c = 379 + -367. Calculate the highest common factor of c and 318.
6
Let b be ((-24)/(-32))/(40/8800). Calculate the greatest common divisor of 891 and b.
33
Let u(p) = -4*p - 9. Let i be u(-6). Suppose -2804*o + 2455*o = -4188. What is the greatest common divisor of o and i?
3
Suppose -980 = 4*w + 5*g, 4*w - 4*g + 1016 = -0*g. Let h = 260 + w. Calculate the highest common divisor of 80 and h.
10
Let h(z) = 1050*z**3 + 15*z**2 - 2*z + 3. Let r be h(1). What is the highest common factor of 260 and r?
26
Let h(g) = 4*g - 5. Let q be h(5). Let p be 1 + (-2 - -3) - (-11 - 17). Calculate the highest common divisor of q and p.
15
Suppose 259 = 4*a - 3*g, -2*a - 20*g = -221 - 59. What is the highest common factor of a and 2086?
14
Suppose 3 - 11 = -4*o. Let b = 1207 - 1206. Let r be 2 + (4 - o) - (-4 + b). What is the greatest common factor of 112 and r?
7
Let k(u) = -u**2 + 95. Let j be k(0). Let y(q) = -q**2 + 14*q + 15. Let x be y(15). Suppose -8*i + i + 266 = x. What is the greatest common divisor of i and j?
19
Let r(j) = -j**3 + 84*j**2 + 175*j - 189. Let k be r(86). Let s = 194 + -96. Suppose u = 3, -3*b + s = b + 2*u. What is the greatest common divisor of k and b?
23
Suppose 6*c - 4073 - 841 = 0. What is the highest common divisor of c and 315?
63
Let s(y) = -3*y**3 + 4*y**2 - 12*y - 4. Let r be s(5). Let o = -268 - r. Calculate the highest common factor of o and 781.
71
Let a be (-1 - 8/(-14)) + 6120/168. Calculate the highest common factor of 288 and a.
36
Let m be -1 - 2 - 5/(5/(-5503)). What is the greatest common factor of m and 880?
220
Let n(m) = 287*m - 47. Let r be n(1). Calculate the highest common divisor of 32 and r.
16
Let i(h) = -10*h + 957. Let b be i(92). Calculate the greatest common factor of b and 851.
37
Suppose 2*i + 2 - 10 = -2*c, -3*i + 2*c = -17. Suppose -i*y = -6*y. Suppose y = 6*n - 77 - 25. Calculate the highest common factor of n and 17.
17
Let z(r) = 6*r. Let p be z(6). Let o(t) = 4*t - 14. Let f be o(6). Suppose -7*c + f*c - 27 = 0. What is the highest com